{"id":698,"date":"2021-08-27T15:51:19","date_gmt":"2021-08-27T18:51:19","guid":{"rendered":"https:\/\/cuidamosdopaiva.com.br\/novosite\/?page_id=698"},"modified":"2021-11-18T10:10:42","modified_gmt":"2021-11-18T13:10:42","slug":"patrimonio","status":"publish","type":"page","link":"http:\/\/cuidamosdopaiva.com.br\/novosite\/servicos\/patrimonio\/","title":{"rendered":"Patrim\u00f4nio"},"content":{"rendered":"\t\t<div data-elementor-type=\"wp-page\" data-elementor-id=\"698\" class=\"elementor elementor-698\">\n\t\t\t\t\t\t\t\t\t<section class=\"elementor-section elementor-top-section elementor-element elementor-element-7f5be97 elementor-section-boxed elementor-section-height-default elementor-section-height-default\" data-id=\"7f5be97\" data-element_type=\"section\">\n\t\t\t\t\t\t<div class=\"elementor-container elementor-column-gap-no\">\n\t\t\t\t\t<div class=\"elementor-column elementor-col-100 elementor-top-column elementor-element elementor-element-d41adbf\" data-id=\"d41adbf\" data-element_type=\"column\">\n\t\t\t<div class=\"elementor-widget-wrap elementor-element-populated\">\n\t\t\t\t\t\t\t\t<div class=\"elementor-element elementor-element-34cb0d3 elementor-widget elementor-widget-text-editor\" data-id=\"34cb0d3\" data-element_type=\"widget\" data-widget_type=\"text-editor.default\">\n\t\t\t\t<div class=\"elementor-widget-container\">\n\t\t\t<style>\/*! elementor - v3.14.0 - 26-06-2023 *\/\n.elementor-widget-text-editor.elementor-drop-cap-view-stacked .elementor-drop-cap{background-color:#69727d;color:#fff}.elementor-widget-text-editor.elementor-drop-cap-view-framed .elementor-drop-cap{color:#69727d;border:3px solid;background-color:transparent}.elementor-widget-text-editor:not(.elementor-drop-cap-view-default) .elementor-drop-cap{margin-top:8px}.elementor-widget-text-editor:not(.elementor-drop-cap-view-default) .elementor-drop-cap-letter{width:1em;height:1em}.elementor-widget-text-editor .elementor-drop-cap{float:left;text-align:center;line-height:1;font-size:50px}.elementor-widget-text-editor .elementor-drop-cap-letter{display:inline-block}<\/style>\t\t\t\t<p>O patrim\u00f4nio natural est\u00e1 entre as maiores riquezas da Reserva do Paiva. Visando manter a beleza da orla, a integridade dos manguezais, a preserva\u00e7\u00e3o da Mata Atl\u00e2ntica, dos rios e das esp\u00e9cies vegetais nativas, a AGRP segue a Declara\u00e7\u00e3o de Sustentabilidade da Reserva do Paiva, onde \u00e9 firmado o compromisso dos empreendedores com a rela\u00e7\u00e3o harmoniosa com o meio ambiente e com a sociedade do entorno.<\/p>\t\t\t\t\t\t<\/div>\n\t\t\t\t<\/div>\n\t\t\t\t\t<\/div>\n\t\t<\/div>\n\t\t\t\t\t\t\t<\/div>\n\t\t<\/section>\n\t\t\t\t<section class=\"elementor-section elementor-top-section elementor-element elementor-element-0c9cc78 elementor-section-height-min-height elementor-section-boxed elementor-section-height-default elementor-section-items-middle\" data-id=\"0c9cc78\" data-element_type=\"section\">\n\t\t\t\t\t\t\t<div class=\"elementor-background-overlay\"><\/div>\n\t\t\t\t\t\t\t<div class=\"elementor-container elementor-column-gap-no\">\n\t\t\t\t\t<div class=\"elementor-column elementor-col-100 elementor-top-column elementor-element elementor-element-56c690e\" data-id=\"56c690e\" data-element_type=\"column\">\n\t\t\t<div class=\"elementor-widget-wrap\">\n\t\t\t\t\t\t\t\t\t<\/div>\n\t\t<\/div>\n\t\t\t\t\t\t\t<\/div>\n\t\t<\/section>\n\t\t\t\t<section class=\"elementor-section elementor-top-section elementor-element elementor-element-12051f9b elementor-section-content-middle elementor-section-full_width elementor-section-height-default elementor-section-height-default\" data-id=\"12051f9b\" data-element_type=\"section\" data-settings=\"{&quot;background_background&quot;:&quot;classic&quot;}\">\n\t\t\t\t\t\t\t<div class=\"elementor-background-overlay\"><\/div>\n\t\t\t\t\t\t\t<div class=\"elementor-container elementor-column-gap-no\">\n\t\t\t\t\t<div class=\"elementor-column elementor-col-100 elementor-top-column elementor-element elementor-element-6d52f5fd\" data-id=\"6d52f5fd\" data-element_type=\"column\">\n\t\t\t<div class=\"elementor-widget-wrap elementor-element-populated\">\n\t\t\t\t\t\t\t\t<section class=\"elementor-section elementor-inner-section elementor-element elementor-element-9b9a93f elementor-section-content-middle elementor-section-boxed elementor-section-height-default elementor-section-height-default\" data-id=\"9b9a93f\" data-element_type=\"section\">\n\t\t\t\t\t\t<div class=\"elementor-container elementor-column-gap-no\">\n\t\t\t\t\t<div class=\"elementor-column elementor-col-50 elementor-inner-column elementor-element elementor-element-38fb2b6\" data-id=\"38fb2b6\" data-element_type=\"column\">\n\t\t\t<div class=\"elementor-widget-wrap elementor-element-populated\">\n\t\t\t\t\t\t\t\t<div class=\"elementor-element elementor-element-0dee9e6 elementor-widget elementor-widget-text-editor\" data-id=\"0dee9e6\" data-element_type=\"widget\" data-widget_type=\"text-editor.default\">\n\t\t\t\t<div class=\"elementor-widget-container\">\n\t\t\t\t\t\t\t<p>Na pr\u00e1tica, a AGRP atua cuidando desse patrim\u00f4nio atrav\u00e9s, por exemplo, de a\u00e7\u00f5es como coleta de res\u00edduos nas praias e realiza\u00e7\u00e3o de projetos socioambientais que promovem o empoderamento das comunidades vizinhas. Por m\u00eas, cerca de uma tonelada (1t) de pl\u00e1stico, lata, vidro e papel\u00e3o \u00e9 coletada das praias. Quase todo esse material \u00e9 destinado a projetos sociais da pr\u00f3pria Associa\u00e7\u00e3o, assim como \u00e0s Cooperativas de Catadores.<\/p>\t\t\t\t\t\t<\/div>\n\t\t\t\t<\/div>\n\t\t\t\t\t<\/div>\n\t\t<\/div>\n\t\t\t\t<div class=\"elementor-column elementor-col-50 elementor-inner-column elementor-element elementor-element-aaeb3f4\" data-id=\"aaeb3f4\" data-element_type=\"column\">\n\t\t\t<div class=\"elementor-widget-wrap elementor-element-populated\">\n\t\t\t\t\t\t\t\t<div class=\"elementor-element elementor-element-cf5638d elementor-widget elementor-widget-image\" data-id=\"cf5638d\" data-element_type=\"widget\" data-widget_type=\"image.default\">\n\t\t\t\t<div class=\"elementor-widget-container\">\n\t\t\t<style>\/*! elementor - v3.14.0 - 26-06-2023 *\/\n.elementor-widget-image{text-align:center}.elementor-widget-image a{display:inline-block}.elementor-widget-image a img[src$=\".svg\"]{width:48px}.elementor-widget-image img{vertical-align:middle;display:inline-block}<\/style>\t\t\t\t\t\t\t\t\t\t\t\t<img loading=\"lazy\" decoding=\"async\" width=\"720\" height=\"480\" src=\"http:\/\/cuidamosdopaiva.com.br\/novosite\/wp-content\/uploads\/2021\/11\/GESTAO-DA-ORLA-2.png\" class=\"attachment-large size-large wp-image-821\" alt=\"\" srcset=\"http:\/\/cuidamosdopaiva.com.br\/novosite\/wp-content\/uploads\/2021\/11\/GESTAO-DA-ORLA-2.png 720w, http:\/\/cuidamosdopaiva.com.br\/novosite\/wp-content\/uploads\/2021\/11\/GESTAO-DA-ORLA-2-300x200.png 300w\" sizes=\"auto, (max-width: 720px) 100vw, 720px\" \/>\t\t\t\t\t\t\t\t\t\t\t\t\t\t\t<\/div>\n\t\t\t\t<\/div>\n\t\t\t\t\t<\/div>\n\t\t<\/div>\n\t\t\t\t\t\t\t<\/div>\n\t\t<\/section>\n\t\t\t\t<section class=\"elementor-section elementor-inner-section elementor-element elementor-element-642addd elementor-section-content-middle elementor-section-boxed elementor-section-height-default elementor-section-height-default\" data-id=\"642addd\" data-element_type=\"section\">\n\t\t\t\t\t\t<div class=\"elementor-container elementor-column-gap-no\">\n\t\t\t\t\t<div class=\"elementor-column elementor-col-50 elementor-inner-column elementor-element elementor-element-37d5fb2\" data-id=\"37d5fb2\" data-element_type=\"column\">\n\t\t\t<div class=\"elementor-widget-wrap elementor-element-populated\">\n\t\t\t\t\t\t\t\t<div class=\"elementor-element elementor-element-dc0ec6b elementor-widget elementor-widget-image\" data-id=\"dc0ec6b\" data-element_type=\"widget\" data-widget_type=\"image.default\">\n\t\t\t\t<div class=\"elementor-widget-container\">\n\t\t\t\t\t\t\t\t\t\t\t\t\t\t\t<img loading=\"lazy\" decoding=\"async\" width=\"720\" height=\"480\" src=\"http:\/\/cuidamosdopaiva.com.br\/novosite\/wp-content\/uploads\/2021\/11\/Limpeza-e-Conservacao-2.png\" class=\"attachment-large size-large wp-image-841\" alt=\"\" srcset=\"http:\/\/cuidamosdopaiva.com.br\/novosite\/wp-content\/uploads\/2021\/11\/Limpeza-e-Conservacao-2.png 720w, http:\/\/cuidamosdopaiva.com.br\/novosite\/wp-content\/uploads\/2021\/11\/Limpeza-e-Conservacao-2-300x200.png 300w\" sizes=\"auto, (max-width: 720px) 100vw, 720px\" \/>\t\t\t\t\t\t\t\t\t\t\t\t\t\t\t<\/div>\n\t\t\t\t<\/div>\n\t\t\t\t\t<\/div>\n\t\t<\/div>\n\t\t\t\t<div class=\"elementor-column elementor-col-50 elementor-inner-column elementor-element elementor-element-932bfdf\" data-id=\"932bfdf\" data-element_type=\"column\">\n\t\t\t<div class=\"elementor-widget-wrap elementor-element-populated\">\n\t\t\t\t\t\t\t\t<div class=\"elementor-element elementor-element-8ae06f8 elementor-widget elementor-widget-text-editor\" data-id=\"8ae06f8\" data-element_type=\"widget\" data-widget_type=\"text-editor.default\">\n\t\t\t\t<div class=\"elementor-widget-container\">\n\t\t\t\t\t\t\t<p>Outro patrim\u00f4nio muito bem preservado \u00e9 a pr\u00f3pria infraestrutura do bairro. Varri\u00e7\u00e3o de vias p\u00fablicas e manuten\u00e7\u00e3o do paisagismo s\u00e3o atividades realizadas frequentemente.<\/p>\t\t\t\t\t\t<\/div>\n\t\t\t\t<\/div>\n\t\t\t\t\t<\/div>\n\t\t<\/div>\n\t\t\t\t\t\t\t<\/div>\n\t\t<\/section>\n\t\t\t\t\t<\/div>\n\t\t<\/div>\n\t\t\t\t\t\t\t<\/div>\n\t\t<\/section>\n\t\t\t\t\t\t\t<\/div>\n\t\t","protected":false},"excerpt":{"rendered":"<p>O patrim\u00f4nio natural est\u00e1 entre as maiores riquezas da Reserva do Paiva. Visando manter a beleza da orla, a integridade dos manguezais, a preserva\u00e7\u00e3o da Mata Atl\u00e2ntica, dos rios e das esp\u00e9cies vegetais nativas, a AGRP segue a Declara\u00e7\u00e3o de Sustentabilidade da Reserva do Paiva, onde \u00e9 firmado o compromisso dos empreendedores com a rela\u00e7\u00e3o [&hellip;]<\/p>\n","protected":false},"author":1,"featured_media":847,"parent":305,"menu_order":0,"comment_status":"closed","ping_status":"closed","template":"elementor_header_footer","meta":{"_mi_skip_tracking":false,"_monsterinsights_sitenote_active":false,"_monsterinsights_sitenote_note":"","_monsterinsights_sitenote_category":0,"footnotes":""},"class_list":["post-698","page","type-page","status-publish","has-post-thumbnail","hentry"],"yoast_head":"<!-- This site is optimized with the Yoast SEO plugin v21.8 - https:\/\/yoast.com\/wordpress\/plugins\/seo\/ -->\n<title>Patrim\u00f4nio - AGRP - Cuidamos do Paiva<\/title>\n<meta name=\"robots\" content=\"index, follow, max-snippet:-1, max-image-preview:large, max-video-preview:-1\" \/>\n<link rel=\"canonical\" href=\"http:\/\/cuidamosdopaiva.com.br\/novosite\/servicos\/patrimonio\/\" \/>\n<meta property=\"og:locale\" content=\"pt_BR\" \/>\n<meta property=\"og:type\" content=\"article\" \/>\n<meta property=\"og:title\" content=\"Patrim\u00f4nio - AGRP - Cuidamos do Paiva\" \/>\n<meta property=\"og:description\" content=\"O patrim\u00f4nio natural est\u00e1 entre as maiores riquezas da Reserva do Paiva. Visando manter a beleza da orla, a integridade dos manguezais, a preserva\u00e7\u00e3o da Mata Atl\u00e2ntica, dos rios e das esp\u00e9cies vegetais nativas, a AGRP segue a Declara\u00e7\u00e3o de Sustentabilidade da Reserva do Paiva, onde \u00e9 firmado o compromisso dos empreendedores com a rela\u00e7\u00e3o [&hellip;]\" \/>\n<meta property=\"og:url\" content=\"http:\/\/cuidamosdopaiva.com.br\/novosite\/servicos\/patrimonio\/\" \/>\n<meta property=\"og:site_name\" content=\"AGRP - Cuidamos do Paiva\" \/>\n<meta property=\"article:modified_time\" content=\"2021-11-18T13:10:42+00:00\" \/>\n<meta property=\"og:image\" content=\"http:\/\/cuidamosdopaiva.com.br\/novosite\/wp-content\/uploads\/2021\/11\/IMG-20200928-WA0027.jpg\" \/>\n\t<meta property=\"og:image:width\" content=\"1280\" \/>\n\t<meta property=\"og:image:height\" content=\"960\" \/>\n\t<meta property=\"og:image:type\" content=\"image\/jpeg\" \/>\n<meta name=\"twitter:card\" content=\"summary_large_image\" \/>\n<meta name=\"twitter:label1\" content=\"Est. tempo de leitura\" \/>\n\t<meta name=\"twitter:data1\" content=\"1 minuto\" \/>\n<script type=\"application\/ld+json\" class=\"yoast-schema-graph\">{\"@context\":\"https:\/\/schema.org\",\"@graph\":[{\"@type\":\"WebPage\",\"@id\":\"http:\/\/cuidamosdopaiva.com.br\/novosite\/servicos\/patrimonio\/\",\"url\":\"http:\/\/cuidamosdopaiva.com.br\/novosite\/servicos\/patrimonio\/\",\"name\":\"Patrim\u00f4nio - AGRP - Cuidamos do Paiva\",\"isPartOf\":{\"@id\":\"http:\/\/cuidamosdopaiva.com.br\/novosite\/#website\"},\"datePublished\":\"2021-08-27T18:51:19+00:00\",\"dateModified\":\"2021-11-18T13:10:42+00:00\",\"breadcrumb\":{\"@id\":\"http:\/\/cuidamosdopaiva.com.br\/novosite\/servicos\/patrimonio\/#breadcrumb\"},\"inLanguage\":\"pt-BR\",\"potentialAction\":[{\"@type\":\"ReadAction\",\"target\":[\"http:\/\/cuidamosdopaiva.com.br\/novosite\/servicos\/patrimonio\/\"]}]},{\"@type\":\"BreadcrumbList\",\"@id\":\"http:\/\/cuidamosdopaiva.com.br\/novosite\/servicos\/patrimonio\/#breadcrumb\",\"itemListElement\":[{\"@type\":\"ListItem\",\"position\":1,\"name\":\"In\u00edcio\",\"item\":\"http:\/\/cuidamosdopaiva.com.br\/novosite\/\"},{\"@type\":\"ListItem\",\"position\":2,\"name\":\"Servi\u00e7os\",\"item\":\"http:\/\/cuidamosdopaiva.com.br\/novosite\/servicos\/\"},{\"@type\":\"ListItem\",\"position\":3,\"name\":\"Patrim\u00f4nio\"}]},{\"@type\":\"WebSite\",\"@id\":\"http:\/\/cuidamosdopaiva.com.br\/novosite\/#website\",\"url\":\"http:\/\/cuidamosdopaiva.com.br\/novosite\/\",\"name\":\"AGRP - Cuidamos do Paiva\",\"description\":\"Site da Associa\u00e7\u00e3o Geral da Reserva do Paiva\",\"publisher\":{\"@id\":\"http:\/\/cuidamosdopaiva.com.br\/novosite\/#organization\"},\"potentialAction\":[{\"@type\":\"SearchAction\",\"target\":{\"@type\":\"EntryPoint\",\"urlTemplate\":\"http:\/\/cuidamosdopaiva.com.br\/novosite\/?s={search_term_string}\"},\"query-input\":\"required name=search_term_string\"}],\"inLanguage\":\"pt-BR\"},{\"@type\":\"Organization\",\"@id\":\"http:\/\/cuidamosdopaiva.com.br\/novosite\/#organization\",\"name\":\"AGRP - Cuidamos do Paiva\",\"url\":\"http:\/\/cuidamosdopaiva.com.br\/novosite\/\",\"logo\":{\"@type\":\"ImageObject\",\"inLanguage\":\"pt-BR\",\"@id\":\"http:\/\/cuidamosdopaiva.com.br\/novosite\/#\/schema\/logo\/image\/\",\"url\":\"http:\/\/cuidamosdopaiva.com.br\/novosite\/wp-content\/uploads\/2021\/07\/logo_AGRP.png\",\"contentUrl\":\"http:\/\/cuidamosdopaiva.com.br\/novosite\/wp-content\/uploads\/2021\/07\/logo_AGRP.png\",\"width\":350,\"height\":276,\"caption\":\"AGRP - Cuidamos do Paiva\"},\"image\":{\"@id\":\"http:\/\/cuidamosdopaiva.com.br\/novosite\/#\/schema\/logo\/image\/\"}}]}<\/script>\n<!-- \/ Yoast SEO plugin. -->","yoast_head_json":{"title":"Patrim\u00f4nio - AGRP - Cuidamos do Paiva","robots":{"index":"index","follow":"follow","max-snippet":"max-snippet:-1","max-image-preview":"max-image-preview:large","max-video-preview":"max-video-preview:-1"},"canonical":"http:\/\/cuidamosdopaiva.com.br\/novosite\/servicos\/patrimonio\/","og_locale":"pt_BR","og_type":"article","og_title":"Patrim\u00f4nio - AGRP - Cuidamos do Paiva","og_description":"O patrim\u00f4nio natural est\u00e1 entre as maiores riquezas da Reserva do Paiva. Visando manter a beleza da orla, a integridade dos manguezais, a preserva\u00e7\u00e3o da Mata Atl\u00e2ntica, dos rios e das esp\u00e9cies vegetais nativas, a AGRP segue a Declara\u00e7\u00e3o de Sustentabilidade da Reserva do Paiva, onde \u00e9 firmado o compromisso dos empreendedores com a rela\u00e7\u00e3o [&hellip;]","og_url":"http:\/\/cuidamosdopaiva.com.br\/novosite\/servicos\/patrimonio\/","og_site_name":"AGRP - Cuidamos do Paiva","article_modified_time":"2021-11-18T13:10:42+00:00","og_image":[{"width":1280,"height":960,"url":"http:\/\/cuidamosdopaiva.com.br\/novosite\/wp-content\/uploads\/2021\/11\/IMG-20200928-WA0027.jpg","type":"image\/jpeg"}],"twitter_card":"summary_large_image","twitter_misc":{"Est. tempo de leitura":"1 minuto"},"schema":{"@context":"https:\/\/schema.org","@graph":[{"@type":"WebPage","@id":"http:\/\/cuidamosdopaiva.com.br\/novosite\/servicos\/patrimonio\/","url":"http:\/\/cuidamosdopaiva.com.br\/novosite\/servicos\/patrimonio\/","name":"Patrim\u00f4nio - AGRP - Cuidamos do Paiva","isPartOf":{"@id":"http:\/\/cuidamosdopaiva.com.br\/novosite\/#website"},"datePublished":"2021-08-27T18:51:19+00:00","dateModified":"2021-11-18T13:10:42+00:00","breadcrumb":{"@id":"http:\/\/cuidamosdopaiva.com.br\/novosite\/servicos\/patrimonio\/#breadcrumb"},"inLanguage":"pt-BR","potentialAction":[{"@type":"ReadAction","target":["http:\/\/cuidamosdopaiva.com.br\/novosite\/servicos\/patrimonio\/"]}]},{"@type":"BreadcrumbList","@id":"http:\/\/cuidamosdopaiva.com.br\/novosite\/servicos\/patrimonio\/#breadcrumb","itemListElement":[{"@type":"ListItem","position":1,"name":"In\u00edcio","item":"http:\/\/cuidamosdopaiva.com.br\/novosite\/"},{"@type":"ListItem","position":2,"name":"Servi\u00e7os","item":"http:\/\/cuidamosdopaiva.com.br\/novosite\/servicos\/"},{"@type":"ListItem","position":3,"name":"Patrim\u00f4nio"}]},{"@type":"WebSite","@id":"http:\/\/cuidamosdopaiva.com.br\/novosite\/#website","url":"http:\/\/cuidamosdopaiva.com.br\/novosite\/","name":"AGRP - Cuidamos do Paiva","description":"Site da Associa\u00e7\u00e3o Geral da Reserva do Paiva","publisher":{"@id":"http:\/\/cuidamosdopaiva.com.br\/novosite\/#organization"},"potentialAction":[{"@type":"SearchAction","target":{"@type":"EntryPoint","urlTemplate":"http:\/\/cuidamosdopaiva.com.br\/novosite\/?s={search_term_string}"},"query-input":"required name=search_term_string"}],"inLanguage":"pt-BR"},{"@type":"Organization","@id":"http:\/\/cuidamosdopaiva.com.br\/novosite\/#organization","name":"AGRP - Cuidamos do Paiva","url":"http:\/\/cuidamosdopaiva.com.br\/novosite\/","logo":{"@type":"ImageObject","inLanguage":"pt-BR","@id":"http:\/\/cuidamosdopaiva.com.br\/novosite\/#\/schema\/logo\/image\/","url":"http:\/\/cuidamosdopaiva.com.br\/novosite\/wp-content\/uploads\/2021\/07\/logo_AGRP.png","contentUrl":"http:\/\/cuidamosdopaiva.com.br\/novosite\/wp-content\/uploads\/2021\/07\/logo_AGRP.png","width":350,"height":276,"caption":"AGRP - Cuidamos do Paiva"},"image":{"@id":"http:\/\/cuidamosdopaiva.com.br\/novosite\/#\/schema\/logo\/image\/"}}]}},"_links":{"self":[{"href":"http:\/\/cuidamosdopaiva.com.br\/novosite\/wp-json\/wp\/v2\/pages\/698","targetHints":{"allow":["GET"]}}],"collection":[{"href":"http:\/\/cuidamosdopaiva.com.br\/novosite\/wp-json\/wp\/v2\/pages"}],"about":[{"href":"http:\/\/cuidamosdopaiva.com.br\/novosite\/wp-json\/wp\/v2\/types\/page"}],"author":[{"embeddable":true,"href":"http:\/\/cuidamosdopaiva.com.br\/novosite\/wp-json\/wp\/v2\/users\/1"}],"replies":[{"embeddable":true,"href":"http:\/\/cuidamosdopaiva.com.br\/novosite\/wp-json\/wp\/v2\/comments?post=698"}],"version-history":[{"count":20,"href":"http:\/\/cuidamosdopaiva.com.br\/novosite\/wp-json\/wp\/v2\/pages\/698\/revisions"}],"predecessor-version":[{"id":1035,"href":"http:\/\/cuidamosdopaiva.com.br\/novosite\/wp-json\/wp\/v2\/pages\/698\/revisions\/1035"}],"up":[{"embeddable":true,"href":"http:\/\/cuidamosdopaiva.com.br\/novosite\/wp-json\/wp\/v2\/pages\/305"}],"wp:featuredmedia":[{"embeddable":true,"href":"http:\/\/cuidamosdopaiva.com.br\/novosite\/wp-json\/wp\/v2\/media\/847"}],"wp:attachment":[{"href":"http:\/\/cuidamosdopaiva.com.br\/novosite\/wp-json\/wp\/v2\/media?parent=698"}],"curies":[{"name":"wp","href":"https:\/\/api.w.org\/{rel}","templated":true}]}}